 66*j = -21. Let v be w(j). Let y = v - 55. Let z(t) = 3*t**3 + t. Give z(y).
-4
Suppose 14*h - 12*h = 0. Suppose 4*u = -n + 6, n + 3 = -u - h. Let k(m) be the second derivative of m**5/20 + 7*m**4/12 + 7*m**3/6 - m**2 - 19*m. What is k(n)?
-8
Let i(c) = -3*c + 44. Let p be i(10). Suppose -16 = -3*a + 7*d - 2*d, p = 3*a - 4*d. Let s(m) = 0 - 5*m - 26*m**2 + 2 + m + 34*m**2. What is s(a)?
26
Let t = -61 - -53. Let a(q) = 3*q**3 - 3*q**2 + 5*q - 7. Let u(h) = 8*h**3 - 10*h**2 + 16*h - 20. Let z(w) = -11*a(w) + 4*u(w). What is z(t)?
-11
Let v(f) = f**2 + 4*f - 2. Let u(k) = 6*k**2 + 59*k - 13. Let r = 207 + -217. Let o be u(r). Give v(o).
-5
Let m(u) be the first derivative of -3*u**2 + 15*u - 62. Let l(c) = -c + 2. Let z(b) = 9*l(b) - m(b). Calculate z(3).
-6
Let i(w) = -w**3 - 10*w**2 - 10*w - 13. Let o be (-5 + 184/32)*(-12 + 0). Determine i(o).
-4
Let m(q) = -824 + 428 - 2*q**2 + q**2 + 407 + 12*q. Calculate m(10).
31
Suppose 2*g + 16*n - 40 = 11*n, -38 = -5*g + 3*n. Let x(t) = t**3 - 9*t**2 - 5*t - 13. What is x(g)?
37
Let h(x) = -x**3 - 35*x**2 - 30*x + 134. Let i = 4321 + -4355. What is h(i)?
-2
Let n be 1 - 1 - (-1 + 2). Let s be 90/(-315)*-1*7. Let u(o) = 1. Let q(z) = z. Let r(l) = s*q(l) - u(l). Give r(n).
-3
Let b = -9232 + 9240. Let p(i) = -67*i + 539. Determine p(b).
3
Let n(g) = g**3 + 55*g**2 + 47*g - 389. Let h be 3/(135/(-2424)) + (-52)/390. Give n(h).
-11
Let j(m) be the third derivative of m**4/6 - 13*m**3/6 + 17*m**2. Let c be j(4). Let y(n) be the first derivative of -n**3 + 2*n**2 - n + 1. What is y(c)?
-16
Let a(p) be the second derivative of p**4/12 + 7*p**2/2 + 2114*p. Give a(0).
7
Let b(i) = 21*i - 1. Let h(m) = -134*m - 15. Let n(z) = -6*b(z) - h(z). Give n(-1).
13
Let j be (-8)/(-2)*((-54)/8)/(-9). Let o(v) = -7*v**3 + 13*v + 7. Let u(q) = 8*q**3 - 15*q - 8. Let w(y) = -7*o(y) - 6*u(y). Determine w(j).
23
Let t(a) = 6*a - 33. Let d(o) = 7*o - 34. Let p(s) = 3*d(s) - 4*t(s). Let y be p(-7). Let v(z) = 66 - z - y - 30. Calculate v(-11).
-4
Let i(d) = 10 - 3*d + 2*d**2 - d**2 - 2*d. Let j = 488318 + -488314. Determine i(j).
6
Let p(j) = 3*j + 16. Suppose 0 = 9821*t - 9829*t - 80. Give p(t).
-14
Let d(q) = 42*q + 486*q**2 - 488*q**2 + 348 - 350. Give d(20).
38
Let h(a) = a**3 - a**2 - a - 1. Suppose 0 = 16*j + 4*j + 2360. Let i = j + 117. Give h(i).
-2
Let s be (-38)/133 + 148/28. Let n(d) = 5*d - 19. Give n(s).
6
Suppose 2*y + 3*r = -126, 60*y - 2*r = 59*y - 70. Let x = 75 + y. Let k(b) = -3*b + 15. Calculate k(x).
-12
Let w = 3244 - 3247. Let i(b) = b**3 + 2*b**2 - 10*b - 19. What is i(w)?
2
Suppose -4*g + 20 = -36. Let y(u) be the second derivative of -u**4/12 + 13*u**3/6 - 11*u**2/2 + 2*u + 183978. What is y(g)?
-25
Suppose -2*b = -3*k + 262 + 267, -2*b - 4 = 0. Let p(w) = 4 + k*w - 349*w + 178*w. Determine p(-6).
-20
Let z(y) be the second derivative of -7*y**3/6 - y**2 - 6012*y. Let d = 0 + -1. Give z(d).
5
Let i(u) = 2*u**3 + 240 - 5*u**2 + 3*u + 21*u**2 + 6*u**2 - 3*u**3 - 251. Calculate i(22).
55
Let n(u) = 7*u + 1. Suppose -40 + 353 = 5*f - 2*m, -4*f = 2*m - 254. Suppose 8*t = -13*t - f. Determine n(t).
-20
Let y(f) be the third derivative of -f**4/8 + 7*f**3/6 + 7305*f**2. Calculate y(-1).
10
Let x(m) be the second derivative of -3/2*m**2 - 1/20*m**5 + 97*m - 1/6*m**3 + 0 + 5/12*m**4. Suppose 0 = 3*b - v - 10, 0*v = 3*b + v - 14. What is x(b)?
9
Let m(u) = -2663*u - 2646*u - 1 - 2*u**2 + 5*u**2 + u**3 + 5306*u. Determine m(-5).
-36
Let u(k) = -k**3 - 5*k**2 + 49*k - 8. Suppose 561*f - 100 = 571*f. Determine u(f).
2
Let m be 5/((-10)/(-4))*-4. Suppose 5*r - 3*r - 3*g - 52 = 0, -5*r + 3*g + 112 = 0. Let p(o) = o**3 - 83 + 9*o**2 + r*o + 83 - 9*o. What is p(m)?
-24
Suppose -80*z - 33 = -91*z. Suppose 2*q = -i - z, -8 + 1 = -3*i - 2*q. Let j(w) be the second derivative of -w**3/2 + 5*w**2/2 - 2*w. Give j(i).
-10
Let y(z) be the third derivative of z**7/1680 + z**6/45 + 7*z**5/60 - z**3/3 - 2*z**2 - 59*z. Let g(p) be the third derivative of y(p). Give g(-7).
-5
Let v be (-1)/(12/(-16))*3. Suppose 3*x + x = v*q - 304, 3*x + 263 = -4*q. Let g be (-21)/(-27) - 18/x. Let c(n) = 9*n**2 - 1. Determine c(g).
8
Let z(b) = b**2 + 9*b + 2. Let y be z(-8). Suppose -6*k + 122 - 104 = 0. Let j(u) = -5*u**2 - 5*u + 13246 - 13243 - 2*u**2 - u**k. Determine j(y).
-3
Let r(y) = -y**3 + 10*y**2 + 25*y - 18. Let c be (680/56 - 13)/(2/(-28)). What is r(c)?
-6
Let t(q) = -2*q + 5. Suppose 4*j - 7 = 1, x + 4 = 4*j. Suppose -6*w - x = 2. Let a be -3*w/3*5. Give t(a).
-5
Let a be (-10)/(1/(-15) + (-18)/30). Suppose -18 = -a*g + 12. Let v(l) = 8*l**2 + 0*l**2 - g + 5*l - 7*l**2. What is v(-6)?
4
Let c(m) be the third derivative of -5*m**4/12 + 11*m**3/2 + 1375*m**2. What is c(5)?
-17
Let f(t) = -2*t**3 + 76*t**2 - 3*t - 8. Let w(m) = -42*m**2 + 2*m - 1. Let g(d) = f(d) + 2*w(d). Determine g(-6).
128
Suppose 0 = -6*u + 9*u + 102. Let a = -35 - u. Let y(k) = -27*k + 1. Give y(a).
28
Let k(i) = -4*i**3 - i**2 + 1. Let s be k(1). Let a(p) = 3*p**2 - 7*p. Let t(g) = 17*g**2 - 47*g - 2. Let q(x) = -6*a(x) + t(x). Give q(s).
2
Let s(u) be the second derivative of -3*u**3/2 + u**2/2 - 3*u. Let n(f) = -f**2 + 12*f + 6. Let q be n(13). Let t be 8/q + 1/7. Determine s(t).
10
Let o(a) be the third derivative of a**6/120 + a**5/60 - a**4/8 + a**3/6 + 2*a**2. Let c = 114 - 251. Let x = -135 - c. Determine o(x).
7
Let j(f) = 7*f**3 - 2*f**2 - 85*f + 370. Let t(n) = 11*n**3 - 6*n**2 - 128*n + 556. Let c(k) = -8*j(k) + 5*t(k). Calculate c(-17).
7
Suppose -14 = -128*p + 129*p. Let n be (p/(-4))/((-6)/4 + 2). Let w(a) = -a**2 + 9*a - 8. Calculate w(n).
6
Let n be 6 + -1*2/1. Let r(a) be the second derivative of -1/4*a**4 - 1/2*a**3 - 2*a**2 + 1/20*a**5 + 0 + 64*a. Determine r(n).
0
Let g(y) = -y**3 - 3*y**2 + 7*y - 7. Let w = 385 - 390. What is g(w)?
8
Let b(i) = -i - 2. Let m(y) be the third derivative of 5/24*y**4 + 1/120*y**6 - 3/2*y**3 - 1/20*y**5 + 5*y**2 + 0 + 0*y. Let p be m(3). What is b(p)?
-8
Let d(m) = 11*m + 1. Let h = 72 + -72. Suppose -4*a - 5 = 3*l, 1 = 5*l - h*a + 2*a. Give d(l).
12
Suppose 208*n + 224 = 240*n. Let v(c) be the first derivative of -c**3/3 + 7*c**2/2 - 2*c - 40. What is v(n)?
-2
Let x be 4 + -12 - 1 - -9. Let t(s) be the second derivative of x + 1/2*s**2 - 18*s - 1/3*s**3. Give t(3).
-5
Suppose 2*t - 24 + 6 = 2*y, -4*y = -5*t + 47. Let u(k) = k**2 - 11*k - 1. What is u(t)?
-1
Let x = 26 + -21. Let v(p) = -x + p**3 + 22 - 10 - 5*p**2 - 7*p. Suppose 26 = 5*d + 2*n, 26 = 5*d - 5*n - 14. Give v(d).
1
Let z be ((-4)/(-5))/((-1)/(-5)). Suppose -m - 3*l - 3 = -z*m, 26 = 5*m + 2*l. Suppose -y + 13 = -m*y - r, -2*y + 2*r = 6. Let v(n) = -n + 3. Give v(y).
7
Let z(t) = t**3 - 2*t**2 + 2*t - 2. Suppose 0 = 3*j + 2*j - 225. Let p = j - 39. Let c(h) = h**3 - 8*h**2 + 11*h + 8. Let m be c(p). Determine z(m).
2
Let x(l) = 26*l + 27. Let p be (4/(-6))/2*(-21 + 24). Give x(p).
1
Let d(q) = -q. Let h(c) = -c**3 - 13*c**2 + 12*c - 7. Let k(s) = 2*d(s) - h(s). Let i(b) = b**3 + 8*b**2 - 85*b - 28. Let n be i(-14). Calculate k(n).
7
Let o = 33 - 33. Suppose -i - 4 + 9 = o. Let c(s) be the first derivative of -s**4/4 + 5*s**3/3 + s**2 - 5*s + 16. Determine c(i).
5
Let t(s) = -18*s - 15. Let n(r) = -2*r + 34. Let u be n(14). Let x(c) = -5*c - 4. Let p(g) = u*t(g) - 22*x(g). What is p(5)?
8
Let l(c) be the third derivative of c**5/60 + 5*c**4/6 - c**3/3 - 1830*c**2 + 5. Give l(-10).
-102
Let u(x) = x - 16. Suppose 0 = -4*s + 5*s - 54. Suppose 6*j = s + 6. Determine u(j).
-6
Let s(z) = -z**3 + 2*z**2 + 5*z + 3. Let q be s(3). Let j(l) be the third derivative of l**5/60 - 7*l**4/24 - 5*l**3/3 - 118*l**2. Calculate j(q).
8
Let j(z) be the third derivative of z**5/60 + z**4/8 + z**3/2 - 2642*z**2. Calculate j(-3).
3
Let n(u) = -u**3 + 4*u**2 + u. Let p be n(4). Let r be p/(-14) - 66/14. Let z(b) = 36 - 68 + 30 - b. What is z(r)?
3
Let h(n) = 24*n - 5. Let s(r) = 11*r + 3. Let c(o) = 2*h(o) - 5*s(o). Calculate c(0).
-25
Let s be (10 - 8) + (-2 - -18). Let m be 14/(-6) + (-12)/s. Let h(o) = 25 + 6*o - 2*o - o**2 - 21. Give h(m).
-17
Let l(z) = 2*z**2 + z. Let c(r) be the second derivative of -r**4/12 + 7*r**3/2 - 29*r**2/2 + 9*r. Let p be c(19). Suppose 8 = 13*a - p*a. Calculate l(a).
10
Let d(i) = 76*i**3 + 16*i**2 + 11*i - 92. Let t(h) = 61*h**3 + 17*